{"id":46,"date":"2014-04-08T22:19:17","date_gmt":"2014-04-08T22:19:17","guid":{"rendered":"http:\/\/keed.cl\/geografia\/?page_id=46"},"modified":"2014-10-10T15:48:33","modified_gmt":"2014-10-10T15:48:33","slug":"competencias","status":"publish","type":"page","link":"https:\/\/geologia.uct.cl\/?page_id=46","title":{"rendered":"Competencias"},"content":{"rendered":"<p><img loading=\"lazy\" decoding=\"async\" class=\"wp-image-117 alignleft\" style=\"margin-left: 20px; margin-right: 20px;\" alt=\"\" src=\"http:\/\/rdasociados.cl\/test\/uct_geol\/wp-content\/uploads\/2014\/05\/competencias.jpg\" width=\"380\" height=\"320\" \/><\/p>\n<div style=\"line-height: 2em; text-align: justify;\">El profesional Ge\u00f3logo egresado de la Universidad Cat\u00f3lica de Temuco tendr\u00e1 una formaci\u00f3n val\u00f3rica humanista, estar\u00e1 altamente capacitado para trabajar en equipos interdisciplinarios, tendr\u00e1 conocimientos de ingl\u00e9s; podr\u00e1 trabajar en evaluaci\u00f3n de recursos geol\u00f3gicos, gesti\u00f3n del riesgo, uso de herramientas geotecnol\u00f3gicas, entre otros.<\/p>\n<\/div>\n","protected":false},"excerpt":{"rendered":"<p>El profesional Ge\u00f3logo egresado de la Universidad Cat\u00f3lica de Temuco tendr\u00e1 una formaci\u00f3n val\u00f3rica humanista, estar\u00e1 altamente capacitado para trabajar en equipos interdisciplinarios, tendr\u00e1 conocimientos de ingl\u00e9s; podr\u00e1 trabajar en evaluaci\u00f3n de recursos geol\u00f3gicos, gesti\u00f3n del riesgo, uso de herramientas geotecnol\u00f3gicas, entre otros.<\/p>\n","protected":false},"author":1,"featured_media":0,"parent":0,"menu_order":0,"comment_status":"open","ping_status":"open","template":"","meta":{"_exactmetrics_skip_tracking":false,"_exactmetrics_sitenote_active":false,"_exactmetrics_sitenote_note":"","_exactmetrics_sitenote_category":0,"footnotes":""},"class_list":["post-46","page","type-page","status-publish","hentry"],"_links":{"self":[{"href":"https:\/\/geologia.uct.cl\/index.php?rest_route=\/wp\/v2\/pages\/46"}],"collection":[{"href":"https:\/\/geologia.uct.cl\/index.php?rest_route=\/wp\/v2\/pages"}],"about":[{"href":"https:\/\/geologia.uct.cl\/index.php?rest_route=\/wp\/v2\/types\/page"}],"author":[{"embeddable":true,"href":"https:\/\/geologia.uct.cl\/index.php?rest_route=\/wp\/v2\/users\/1"}],"replies":[{"embeddable":true,"href":"https:\/\/geologia.uct.cl\/index.php?rest_route=%2Fwp%2Fv2%2Fcomments&post=46"}],"version-history":[{"count":80,"href":"https:\/\/geologia.uct.cl\/index.php?rest_route=\/wp\/v2\/pages\/46\/revisions"}],"predecessor-version":[{"id":1189,"href":"https:\/\/geologia.uct.cl\/index.php?rest_route=\/wp\/v2\/pages\/46\/revisions\/1189"}],"wp:attachment":[{"href":"https:\/\/geologia.uct.cl\/index.php?rest_route=%2Fwp%2Fv2%2Fmedia&parent=46"}],"curies":[{"name":"wp","href":"https:\/\/api.w.org\/{rel}","templated":true}]}}