{"id":44,"date":"2014-04-08T22:19:03","date_gmt":"2014-04-08T22:19:03","guid":{"rendered":"http:\/\/keed.cl\/geografia\/?page_id=44"},"modified":"2014-10-10T15:48:07","modified_gmt":"2014-10-10T15:48:07","slug":"perfil","status":"publish","type":"page","link":"https:\/\/geologia.uct.cl\/?page_id=44","title":{"rendered":"Perfil"},"content":{"rendered":"<div class=\"col_full\">\n<img loading=\"lazy\" decoding=\"async\" class=\"alignleft\" alt=\"\" src=\"http:\/\/rdasociados.cl\/test\/uct_geol\/wp-content\/uploads\/2014\/05\/perfil.jpg\" width=\"340\" height=\"340\" \/><\/p>\n<p style=\"text-align:justify;\">El perfil del profesional egresado de la carrera de Geolog\u00eda de la Universidad Cat\u00f3lica de Temuco, perteneciente a la Facultad de Recursos Naturales, abarca diversos \u00e1mbitos, desde un perfil relacionado con recursos econ\u00f3micos (miner\u00eda, geotermia, hidrogeolog\u00eda) hasta otros relacionados con una geolog\u00eda aplicada, como evaluaci\u00f3n de riesgos (s\u00edsmicos, volc\u00e1nicos, deslizamientos de laderas, etc).<\/p>\n<p>Dada la ubicaci\u00f3n geogr\u00e1fica, los riesgos naturales asociados y los recursos naturales de la zona, la carrera apunta a ser un apoyo en la generaci\u00f3n de estudios que mitiguen los desastres relacionados con eventos naturales y se aprovechen mejor los recursos energ\u00e9ticos renovables.<\/p>\n<\/div>\n","protected":false},"excerpt":{"rendered":"<p>El perfil del profesional egresado de la carrera de Geolog\u00eda de la Universidad Cat\u00f3lica de Temuco, perteneciente a la Facultad de Recursos Naturales, abarca diversos \u00e1mbitos, desde un perfil relacionado con recursos econ\u00f3micos (miner\u00eda, geotermia, hidrogeolog\u00eda) hasta otros relacionados con una geolog\u00eda aplicada, como evaluaci\u00f3n de riesgos (s\u00edsmicos, volc\u00e1nicos, deslizamientos de laderas, etc). Dada la ubicaci\u00f3n geogr\u00e1fica, los riesgos naturales asociados y los recursos naturales de la zona, la carrera [&hellip;]<\/p>\n","protected":false},"author":1,"featured_media":0,"parent":0,"menu_order":0,"comment_status":"open","ping_status":"open","template":"","meta":{"_exactmetrics_skip_tracking":false,"_exactmetrics_sitenote_active":false,"_exactmetrics_sitenote_note":"","_exactmetrics_sitenote_category":0,"footnotes":""},"class_list":["post-44","page","type-page","status-publish","hentry"],"_links":{"self":[{"href":"https:\/\/geologia.uct.cl\/index.php?rest_route=\/wp\/v2\/pages\/44"}],"collection":[{"href":"https:\/\/geologia.uct.cl\/index.php?rest_route=\/wp\/v2\/pages"}],"about":[{"href":"https:\/\/geologia.uct.cl\/index.php?rest_route=\/wp\/v2\/types\/page"}],"author":[{"embeddable":true,"href":"https:\/\/geologia.uct.cl\/index.php?rest_route=\/wp\/v2\/users\/1"}],"replies":[{"embeddable":true,"href":"https:\/\/geologia.uct.cl\/index.php?rest_route=%2Fwp%2Fv2%2Fcomments&post=44"}],"version-history":[{"count":60,"href":"https:\/\/geologia.uct.cl\/index.php?rest_route=\/wp\/v2\/pages\/44\/revisions"}],"predecessor-version":[{"id":1188,"href":"https:\/\/geologia.uct.cl\/index.php?rest_route=\/wp\/v2\/pages\/44\/revisions\/1188"}],"wp:attachment":[{"href":"https:\/\/geologia.uct.cl\/index.php?rest_route=%2Fwp%2Fv2%2Fmedia&parent=44"}],"curies":[{"name":"wp","href":"https:\/\/api.w.org\/{rel}","templated":true}]}}